vided by 11?
7
What is the remainder when (-5)/(-8)*4*12 is divided by 16?
14
Let i(m) = -6*m + 26. Suppose -3*q = -q - 4. Suppose 8 - 2 = q*o. What is the remainder when o is divided by i(4)?
1
Let t(c) = c**3 - 3*c**2 - 2*c - 3. Let s be (-6)/(2/20*4). Let v = s - -28. Calculate the remainder when t(5) is divided by v.
11
Let a be 4/4 - (-1)/1. Let j be a - -3*1/1. Suppose -3*l = -j - 31. Calculate the remainder when 35 is divided by l.
11
Let j be 36/(-10)*(8 + -43). Suppose 6*f - j + 30 = 0. What is the remainder when 30 is divided by f?
14
Let b(o) = 12*o**3 + o**2 + o - 2. Let l be b(2). Suppose 0 = -3*p + l - 16. Calculate the remainder when 54 is divided by p.
26
Let d(v) = 3*v - 12. Let o be d(16). Suppose -h + 5*h = o. What is the remainder when h is divided by 3?
0
Suppose -5*j - 4*h = -102, -3*j - 2*h + 60 = h. Calculate the remainder when j is divided by 12.
10
Let p(i) = -i + 21. Let r be p(11). Suppose 3*s - 3*v + r - 37 = 0, -3*s + 2*v = -24. Calculate the remainder when s is divided by 4.
2
Suppose -k = -2*k + 5*h + 24, 5*k - 5*h - 40 = 0. Let m = k + -2. What is the remainder when 16 is divided by (-2 - -6) + m + 0?
4
Suppose -6*o = -2*o + 5*v - 23, -3*v = 4*o - 17. Suppose 111 = 3*i + o*w, -9 = 3*i - 2*w - 108. Let l = -5 + 17. What is the remainder when i is divided by l?
11
Let t(c) = c**3 + c - 7. Let v be t(5). Suppose 2*s - 3*u + 2*u = 61, -u - v = -4*s. What is the remainder when s is divided by (3 + 1)/(1/4)?
15
Let y(z) = z**3 - 4*z**2 + 2. Calculate the remainder when y(5) is divided by (7/(-3))/((-7)/21).
6
Let b(l) = -14*l + 2. What is the remainder when b(-1) is divided by 6?
4
Let d(w) = -12*w**2 + w - 1. Let j be d(1). What is the remainder when 36 is divided by 3/j - 77/(-4)?
17
Let q = 26 + -16. Calculate the remainder when q is divided by 3.
1
Let u = -1 + 4. Suppose 0 = u*j - 122 + 20. Calculate the remainder when j is divided by 12.
10
Suppose 0 = 3*v - 2 - 1. Suppose 8*z - 4 = 4*z. Calculate the remainder when v is divided by z.
0
Suppose -11*a + 6*a - 3*o = -192, 4*o = -5*a + 191. What is the remainder when a is divided by 11?
6
Let r(o) = o**3 - 5*o**2 - 4*o + 7. Calculate the remainder when 73 is divided by r(6).
16
Let c(v) = -82*v**3 - 3*v**2 + 7*v - 2. Let k(r) = 41*r**3 + 2*r**2 - 4*r + 1. Let j(p) = -3*c(p) - 5*k(p). What is the remainder when j(1) is divided by 14?
12
Suppose 0*v = -5*v + 45. What is the remainder when 107 is divided by v?
8
Let y(n) = -n**3 - 8*n**2 - 5*n - 10. Let j be y(-7). What is the remainder when ((-30)/(-4))/((-9)/j) is divided by 11?
9
Let w = -3 - -6. Let h(c) = -c**2 - 11*c - 6. Let m be h(-11). Let z = m + 13. What is the remainder when z is divided by w?
1
Let x be -2 - 0 - (-2)/1. Suppose x*y = -y + 28. What is the remainder when y is divided by 10?
8
Suppose -740 = 2*n + 3*n. Let t = -58 - n. Calculate the remainder when t is divided by 31.
28
Let v(z) = 3*z - 2. Suppose -2 = 3*c - 4*c. Calculate the remainder when (29/2 + 0)*c is divided by v(4).
9
Let i be 2 - 3/3 - 0. Let v = 3 + i. Calculate the remainder when 6 is divided by v.
2
Let g(j) = 8*j + 10. Calculate the remainder when g(3) is divided by 9.
7
Suppose 5*x + 5 = -0. Calculate the remainder when x/(-4) - (-165)/12 is divided by 23/3 - (-2)/6.
6
Suppose 0 = 4*h + 12, -2*v = 5*h - 3*h - 6. Let z = v + 1. Let w(b) = -2*b**3 + 17*b**2 - 7*b + 4. What is the remainder when w(8) is divided by z?
5
Suppose 18*x + 10 = 17*x. What is the remainder when (-1988)/(-70) - 6/x is divided by 15?
14
Suppose 0 = 2*p + 2. What is the remainder when 2/4*(p + 103) is divided by 13?
12
Suppose o - 3*o + 12 = 5*r, -24 = -2*r + 4*o. Suppose 5*h = 3*j - 99, j + 31 = -r*h - 38. Let n = 2 - h. Calculate the remainder when 58 is divided by n.
18
Suppose 0 = 2*o + 2*v - 116, 2*o - 177 = -o - 2*v. Calculate the remainder when o is divided by 16.
13
Suppose -5*l + l + 20 = 0. What is the remainder when l is divided by -2 - -8 - (-3 + 6)?
2
Suppose y + 31 = 3*o, -2*o + y = -y - 18. Suppose -2*j + 4*j - 60 = 0. Calculate the remainder when j is divided by o.
8
Let r be 6 + -13 - (0 - 0). Let k = 2 - r. Let z(a) = 3*a + 1. What is the remainder when z(8) is divided by k?
7
Calculate the remainder when 22 is divided by (-6)/7*(3 + -17).
10
Suppose -3*j - 35 = 2*j. Let o(z) = z**2 + 9*z + 15. Calculate the remainder when 2 is divided by o(j).
0
Suppose 32 = 2*j + 4*m + 6, -2*j + 5*m - 19 = 0. Suppose 0*n - j*v + 45 = 2*n, 2*v = -n + 25. Calculate the remainder when 29 is divided by n.
14
Let r = 7 + -5. Let y be -2 + 1 + (6 - r). Suppose 0 = -4*g - 12, -y*m - 2 = 5*g - 23. Calculate the remainder when 22 is divided by m.
10
Suppose 20 = 4*l - 0*l. Suppose 2*u + 10 = -0*u, 3*r - 41 = -l*u. What is the remainder when 64 is divided by r?
20
Let w = -2 - 0. Let p be 259/2 + w/(-4). Suppose -8*o + p = -3*o. What is the remainder when o is divided by 9?
8
Let h = 19 - -21. What is the remainder when h is divided by 21?
19
Let c = 17 + -10. What is the remainder when 21 - 1 - (4 - c) is divided by 9?
5
Suppose 13 = 4*x - 3*w + 1, -w + 4 = 0. Suppose 4*o - 8 = -4*q, 5*o = q + 2*o + x. What is the remainder when 25 is divided by q - -1 - -1 - -11?
12
Let s(v) = 4*v**2 + 3*v - 1. Suppose 2*l - 42 = -3*x, 0 = 5*x + l - 7 - 63. Calculate the remainder when s(-3) is divided by x.
12
Suppose 3*v = 8*v + 20. What is the remainder when 6 is divided by 13/4 + 1/v?
0
Let u = 23 + 13. Calculate the remainder when u is divided by 8.
4
Suppose -6*p = -p. Suppose n + 2*j - 9 = -0*j, p = 3*n + 3*j - 36. Calculate the remainder when 57 is divided by n.
12
Let n(x) = x + 2. Let z(c) = c**2 - 4. Let d be z(-3). Calculate the remainder when 19 is divided by n(d).
5
Let h(c) = 2*c + 20. Let i = -1 - -3. Calculate the remainder when i is divided by h(-9).
0
What is the remainder when 9 is divided by 6 + (1 + -1)/1?
3
Let v(g) = 7*g - 7. Calculate the remainder when v(15) is divided by 34.
30
Let h(i) = -i**3 + 6*i**2 + 8*i + 8. Calculate the remainder when h(7) is divided by 8.
7
Suppose 0 = -4*g + 2*m - 7*m - 5, -g + 2 = -2*m. Calculate the remainder when 36 is divided by (1 - g)/(2/38).
17
Suppose -o = 4*o - 2*m - 6, 2*o = 3*m - 2. Let s be 0 + 8 + 1 + -3. What is the remainder when (s/(-4))/(6/(-8)) is divided by o?
0
Let m = -9 - -16. Suppose 0 = -3*q - 4*w - 3, -w - 10 = -4*q + 5. Suppose 4*u + q = m. What is the remainder when 2 is divided by u?
0
Let f = -17 - 2. Let z = f + 36. What is the remainder when z is divided by 6?
5
Suppose i = 3*i + 226. Let t = i + 162. What is the remainder when t is divided by 25?
24
Let d(a) = -a - 14. Calculate the remainder when 3/(-12) - 74/(-8) is divided by d(-17).
0
Let h = 63 + -16. Calculate the remainder when h is divided by 12.
11
Suppose 3*v + l + 0*l = -7, 2*l = -3*v - 5. Calculate the remainder when 1*v/6*-58 is divided by 15.
14
Suppose w + 3*o - 95 = -w, -2*w - 4*o = -92. What is the remainder when w is divided by 11?
8
Let k(u) = -u**3 - 13*u**2 - 24*u - 14. Calculate the remainder when 27 is divided by k(-11).
3
Calculate the remainder when 297/8 + (-3)/24 is divided by 20.
17
Suppose -c - 4*t + 5*t + 2 = 0, -2*t + 10 = 5*c. Suppose f = 2*j + 44, 2*j + 46 = f - c*j. What is the remainder when f is divided by 15?
12
Calculate the remainder when -1*2*(-87)/6 is divided by 15.
14
Suppose -o + 0*o = 4*y - 13, 2*o = 4*y - 10. Let z be o*9*(-3 + 4). Let p = z + 8. What is the remainder when p is divided by 6?
5
Suppose -2*u - u + 12 = 0. Suppose 0 = 3*n - s - 26 + 1, 2*s - 30 = -2*n. Calculate the remainder when n is divided by u.
2
Suppose -2*d + 25 = -0*d - 3*y, -y = 5. Suppose -d*w - 2*a = -66, 0*w + 3*w = -2*a + 42. Calculate the remainder when w is divided by 5.
2
Suppose 3*j - 5 = -56. Let m = -3 - j. Let a(l) = -7*l**3 + 1. What is the remainder when m is divided by a(-1)?
6
Suppose 20 = -0*s + s + m, 3*s - 2*m = 35. Suppose 3*g - 24 = 4*i + s, -5*i = 2*g - 3. What is the remainder when g is divided by 4?
1
Suppose -6*p + 15 = -p. Suppose w = -3*m + 30, -3*m + 7 + 8 = -4*w. What is the remainder when m is divided by p?
0
Let o(z) = -z**2 - 6*z + 3. Let q be o(-4). Suppose -5*t = -q - 4. Calculate the remainder when 8 is divided by t.
2
Suppose 52 = -0*j + 4*j. What is the remainder when 51 is divided by 